15
What is -1 (base 14) in base 11?
-1
34 (base 11) to base 3
1101
What is -25 (base 7) in base 14?
-15
Convert 8 (base 15) to base 2.
1000
Convert 2 (base 9) to base 4.
2
Convert -2b (base 16) to base 13.
-34
Convert 2 (base 7) to base 3.
2
Convert -259 (base 10) to base 5.
-2014
What is 11 (base 3) in base 4?
10
What is 73 (base 10) in base 15?
4d
-1 (base 7) to base 12
-1
10000 (base 2) to base 14
12
What is 1d (base 15) in base 12?
24
Convert -41 (base 12) to base 5.
-144
Convert 103 (base 5) to base 9.
31
-111 (base 12) to base 5
-1112
-103 (base 13) to base 14
-c4
Convert -14 (base 8) to base 15.
-c
d7 (base 15) to base 8
312
Convert 3 (base 13) to base 8.
3
Convert 15 (base 10) to base 2.
1111
-9 (base 12) to base 3
-100
-b (base 12) to base 4
-23
Convert -48 (base 12) to base 13.
-44
Convert -21 (base 12) to base 11.
-23
11100 (base 2) to base 13
22
Convert 2 (base 14) to base 11.
2
What is -12 (base 6) in base 11?
-8
1 (base 2) to base 14
1
What is 6 (base 14) in base 9?
6
25 (base 12) to base 15
1e
-2 (base 14) to base 16
-2
Convert -78 (base 14) to base 11.
-97
8 (base 14) to base 5
13
-101 (base 2) to base 13
-5
What is -47 (base 14) in base 13?
-4b
Convert -43 (base 9) to base 16.
-27
What is 2 (base 9) in base 3?
2
What is 35 (base 10) in base 2?
100011
Convert 12 (base 15) to base 11.
16
What is -1 (base 13) in base 8?
-1
What is -3 (base 6) in base 12?
-3
Convert 3 (base 11) to base 13.
3
What is -42 (base 11) in base 2?
-101110
What is -2 (base 15) in base 7?
-2
What is -125 (base 6) in base 8?
-65
Convert 5 (base 11) to base 7.
5
Convert -13 (base 10) to base 12.
-11
Convert -100 (base 14) to base 15.
-d1
Convert 216 (base 8) to base 3.
12021
-110 (base 2) to base 13
-6
Convert -4 (base 8) to base 15.
-4
Convert -2 (base 14) to base 9.
-2
2 (base 11) to base 14
2
Convert 44 (base 12) to base 9.
57
Convert -11 (base 2) to base 9.
-3
93 (base 10) to base 2
1011101
What is 100110 (base 2) in base 4?
212
Convert 100 (base 2) to base 5.
4
2 (base 13) to base 4
2
1 (base 10) to base 3
1
Convert -3 (base 16) to base 6.
-3
Convert 7 (base 16) to base 7.
10
Convert -33 (base 10) to base 5.
-113
102 (base 7) to base 2
110011
-3 (base 11) to base 6
-3
1 (base 15) to base 14
1
1001 (base 4) to base 9
72
2 (base 12) to base 11
2
What is d (base 16) in base 10?
13
What is 1022 (base 3) in base 14?
27
0 (base 6) to base 3
0
What is 4 (base 9) in base 16?
4
-2 (base 5) to base 12
-2
Convert -240 (base 5) to base 10.
-70
What is -5 (base 10) in base 2?
-101
-31 (base 13) to base 2
-101000
What is -1 (base 3) in base 14?
-1
Convert -6 (base 7) to base 8.
-6
What is -2 (base 13) in base 15?
-2
What is 19 (base 13) in base 3?
211
What is 1 (base 8) in base 13?
1
What is -100101 (base 2) in base 6?
-101
Convert -67 (base 13) to base 5.
-320
Convert -121 (base 4) to base 8.
-31
-141 (base 6) to base 16
-3d
-1 (base 15) to base 9
-1
10 (base 3) to base 9
3
301 (base 4) to base 12
41
Convert -5a (base 11) to base 9.
-72
Convert 14 (base 11) to base 8.
17
70 (base 13) to base 12
77
What is 3 (base 9) in base 10?
3
What is 205 (base 9) in base 16?
a7
Convert 8 (base 11) to base 10.
8
-a (base 16) to base 6
-14
Convert 23 (base 9) to base 14.
17
54 (base 14) to base 4
1022
What is 145 (base 6) in base 16?
41
Convert -10 (base 3) to base 4.
-3
2 (base 3) to base 12
2
Convert 3 (base 15) to base 4.
3
-101 (base 6) to base 11
-34
What is -13 (base 4) in base 7?
-10
What is -18 (base 9) in base 10?
-17
0 (base 10) to base 14
0
What is 243 (base 6) in base 13?
78
What is 1100 (base 2) in base 5?
22
Convert -2 (base 15) to base 7.
-2
What is -1 (base 14) in base 2?
-1
Convert 212 (base 4) to base 6.
102
Convert -1101 (base 3) to base 12.
-31
What is -3 (base 6) in base 10?
-3
What is -3 (base 7) in base 4?
-3
What is -ba (base 14) in base 6?
-432
1 (base 6) to base 15
1
Convert -1 (base 11) to base 7.
-1
1 (base 8) to base 10
1
What is 2 (base 3) in base 10?
2
32 (base 6) to base 10
20
3 (base 9) to base 3
10
Convert 0 (base 4) to base 7.
0
-24 (base 16) to base 8
-44
Convert -46 (base 15) to base 16.
-42
What is -4 (base 12) in base 16?
-4
43 (base 15) to base 9
70
Convert -11 (base 2) to base 11.
-3
What is 1030 (base 4) in base 5?
301
What is -211 (base 4) in base 15?
-27
11 (base 5) to base 7
6
Convert -4 (base 14) to base 13.
-4
Convert 4 (base 12) to base 2.
100
What is -1 (base 8) in base 2?
-1
Convert -111000 (base 2) to base 9.
-62
What is -286 (base 10) in base 12?
-1ba
What is -3 (base 9) in base 12?
-3
-3 (base 6) to base 4
-3
What is 12 (base 6) in base 4?
20
Convert 5 (base 11) to base 7.
5
Convert -36 (base 10) to base 6.
-100
What is 10100 (base 2) in base 10?
20
What is -16 (base 8) in base 7?
-20
What is 113 (base 12) in base 5?
1114
1 (base 7) to base 4
1
Convert 10 (base 14) to base 4.
32
Convert -13 (base 10) to base 3.
-111
What is 43 (base 6) in base 14?
1d
-15 (base 10) to base 12
-13
What is 3 (base 15) in base 11?
3
What is 63 (base 8) in base 16?
33
-47 (base 12) to base 14
-3d
102 (base 3) to base 13
b
Convert 110 (base 3) to base 8.
14
What is 3232 (base 4) in base 3?
22211
41 (base 6) to base 2
11001
8 (base 9) to base 3
22
-142 (base 13) to base 3
-22021
What is 47 (base 13) in base 5?
214
-144 (base 6) to base 10
-64
Convert -4 (base 15) to base 6.
-4
What is 39 (base 13) in base 3?
1210
What is 3 (base 11) in base 2?
11
What is -152 (base 7) in base 8?
-126
-70 (base 16) to base 5
-422
What is 0 (base 3) in base 7?
0
Convert 2 (base 14) to base 9.
2
Convert 1 (base 3) to base 5.
1
Convert 6 (base 10) to base 16.
6
Convert 20 (base 14) to base 13.
22
What is -e (base 15) in base 3?
-112
-21 (base 3) to base 6
-11
What is 0 (base 9) in base 14?
0
Convert 1 (base 6) to base 15.
1
Convert 3 (base 11) to base 2.
11
What is 11 (base 9) in base 2?
1010
Convert -c (base 13) to base 9.
-13
What is 14 (base 13) in base 14?
13
1b (base 12) to base 9
25
Convert 206 (base 9) to base 5.
1133
Convert 126 (base 9) to base 15.
70
What is -78 (base 14) in base 10?
-106
Convert 1 (base 6) to base 15.
1
-213 (base 5) to base 13
-46
What is 1411 (base 5) in base 9?
276
What is -114 (base 5) in base 4?
-202
What is -226 (base 10) in base 13?
-145
What is -10 (base 3) in base 2?
-11
Convert 0 (base 16) to base 3.
0
What is -f (base 16) in base 4?
-33
0 (base 10) to base 14
0
-21 (base 7) to base 13
-12
-12222 (base 3) to base 9
-188
What is 0 (base 16) in base 12?
0
What is 13 (base 4) in base 11?
7
Convert 1 (base 8) to base 14.
1
201 (base 4) to base 11
30
What is -8d (base 15) in base 6?
-341
Convert 40 (base 5) to base 8.
24
Convert -18 (base 10) to base 8.
-22
Convert -11 (base 4) to base 15.
-5
What is -53 (base 8) in base 4?
-223
What is 10200 (base 3) in base 7?
201
What is 18 (base 14) in base 10?
22
Convert 1022 (base 3) to base 4.
203
1 (base 8) to base 3
1
Convert -6d (base 14) to base 6.
-241
3 (base 12) to base 3
10
214 (base 5) to base 8
73
What is -5 (base 8) in base 5?
-10
Convert 2 (base 5) to base 11.
2
-121 (base 3) to base 4
-100
-5 (base 15) to base 7
-5
What is 10111 (base 2) in base 15?
18
Convert -3 (base 5) to base 11.
-3
Convert -25 (base 15) to base 12.
-2b
56 (base 8) to base 12
3a
Convert -104 (base 6) to base 2.
-101000
What is 1 (base 13) in base 16?
1
Convert -8 (base 10) to base 13.
-8
10 (base 12) to base 7
15
What is -2 (base 15) in base 16?
-2
Convert 65 (base 12) to base 10.
77
What is 21210 (base 3) in base 11?
181
Convert -1a (base 11) to base 13.
-18
Convert 1 (base 8) to base 10.
1
What is -10 (base 4) in base 3?
-11
What is -2 (base 9) in base 6?
-2
36 (base 8) to base 4
132
53 (base 10) to base 14
3b
282 (base 9) to base 13
152
What is 2 (base 14) in base 10?
2
-5 (base 13) to base 3
-12
What is 1100111 (base 2) in base 10?
103
What is 9b (base 12) in base 6?
315
Convert -60 (base 9) to base 7.
-105
Convert 1 (base 11) to base 3.
1
Convert 27 (base 13) to base 10.
33
What is 0 (base 4) in base 9?
0
-5 (base 16) to base 6
-5
What is a (base 16) in base 12?
a
92 (base 12) to base 5
420
What is 3 (base 8) in base 14?
3
Convert 10 (base 9) to base 10.
9
What is 0 (base 9) in base 8?
0
Convert -2 (base 7) to base 13.
-2
What is -80 (base 12) in base 13?
-75
What is -1 (base 12) in base 15?
-1
What is -10 